{"id":20,"date":"2026-03-22T18:13:33","date_gmt":"2026-03-22T17:13:33","guid":{"rendered":"http:\/\/instytuturodymissja.pl\/?page_id=20"},"modified":"2026-03-23T17:36:57","modified_gmt":"2026-03-23T16:36:57","slug":"strona-glowna","status":"publish","type":"page","link":"http:\/\/instytuturodymissja.pl\/","title":{"rendered":"Strona w przebudowie"},"content":{"rendered":"\t\t<div data-elementor-type=\"wp-page\" data-elementor-id=\"20\" class=\"elementor elementor-20\">\n\t\t\t\t<div class=\"elementor-element elementor-element-abd9c8b e-flex e-con-boxed e-con e-parent\" data-id=\"abd9c8b\" data-element_type=\"container\" data-e-type=\"container\">\n\t\t\t\t\t<div class=\"e-con-inner\">\n\t\t\t\t<div class=\"elementor-element elementor-element-2c0ab7b elementor-widget elementor-widget-html\" data-id=\"2c0ab7b\" data-element_type=\"widget\" data-e-type=\"widget\" data-widget_type=\"html.default\">\n\t\t\t\t\t<!DOCTYPE html>\r\n<html lang=\"pl\">\r\n<head>\r\n    <meta charset=\"UTF-8\">\r\n    <meta name=\"viewport\" content=\"width=device-width, initial-scale=1.0\">\r\n    <title>Instytut Urody Missja<\/title>\r\n    <link href=\"https:\/\/fonts.googleapis.com\/css2?family=Lora:wght@400;700&family=Montserrat:wght@300;400;500;700&display=swap\" rel=\"stylesheet\">\r\n    <style>\r\n        \/* --- Style Globalne --- *\/\r\n        body {\r\n            margin: 0;\r\n            padding: 0;\r\n            font-family: 'Montserrat', sans-serif;\r\n            background-color: #fdfcff; \/* Bardzo jasny, liliowy odcie\u0144 t\u0142a *\/\r\n            color: #333;\r\n            line-height: 1.6;\r\n        }\r\n\r\n        h2, h3 {\r\n            font-family: 'Lora', serif;\r\n            color: #5D33A4; \/* G\u0142\u0119boki Fiolet Missja *\/\r\n            letter-spacing: 1px;\r\n        }\r\n\r\n        \/* --- SEKCJA HERO (G\u00f3ra strony) --- *\/\r\n        .hero {\r\n            background: linear-gradient(rgba(255, 255, 255, 0.4), rgba(255, 255, 255, 0.4)), \r\n                        url('TU_WSTAW_LINK_DO_TWOJEGO_ZDJECIA_AKWARELI_LUB_LOGO') no-repeat center center;\r\n            background-size: cover;\r\n            height: 50vh; \/* Troch\u0119 ni\u017csza ni\u017c poprzednio, by zach\u0119ci\u0107 do przewijania *\/\r\n            display: flex;\r\n            flex-direction: column;\r\n            justify-content: center;\r\n            align-items: center;\r\n            text-align: center;\r\n            padding:20px;\r\n        }\r\n\r\n        .logo-container img {\r\n            max-width: 750px;\r\n            width: 100%;\r\n            height: auto;\r\n            margin-bottom: 20px;\r\n            filter: drop-shadow(0 5px 15px rgba(0,0,0,0.1));\r\n        }\r\n\r\n        .hero h1 {\r\n            font-family: 'Lora', serif;\r\n            font-size: 2.2rem;\r\n            color: #4a2985;\r\n            margin-bottom: 20px;\r\n            letter-spacing: 2px;\r\n        }\r\n\r\n        .contact-info-mini {\r\n            font-size: 1rem;\r\n            font-weight: 400;\r\n            color: #555;\r\n            margin-bottom: 30px;\r\n        }\r\n\r\n        .contact-info-mini span {\r\n            margin: 0 10px;\r\n        }\r\n\r\n        \/* --- Przycisk Rezerwacji (Wsp\u00f3lny) --- *\/\r\n        .btn {\r\n            display: inline-block;\r\n            padding: 15px 35px;\r\n            background-color: #5D33A4; \/* G\u0142\u0119boki fiolet *\/\r\n            color: white;\r\n            text-decoration: none;\r\n            text-transform: uppercase;\r\n            letter-spacing: 2px;\r\n            font-weight: 700;\r\n            border-radius: 5px;\r\n            transition: 0.3s ease-in-out;\r\n            border: 2px solid transparent;\r\n        }\r\n\r\n        .btn:hover {\r\n            background-color: transparent;\r\n            color: #5D33A4;\r\n            border-color: #5D33A4;\r\n            transform: translateY(-3px);\r\n        }\r\n\r\n\r\n        \/* --- STOPKA (Dane kontaktowe) --- *\/\r\n        footer {\r\n            background-color: #5D33A4;\r\n            color: white;\r\n            padding: 50px 20px;\r\n            text-align: center;\r\n            font-weight: 300;\r\n        }\r\n\r\n        footer p {\r\n            margin: 10px 0;\r\n            font-size: 1.1rem;\r\n        }\r\n\r\n        \/* --- Responsywno\u015b\u0107 (Telefony) --- *\/\r\n        @media (max-width: 768px) {\r\n            .hero { height: 70vh; }\r\n            .hero h1 { font-size: 1.6rem; }\r\n            .logo-container img { max-width: 250px; }\r\n            .services h2 { font-size: 2rem; }\r\n            .contact-info-mini span { display: block; margin: 5px 0; }\r\n        }\r\n    <\/style>\r\n<\/head>\r\n<body>\r\n\r\n    <section class=\"hero\">\r\n        <div class=\"logo-container\">\r\n            <img decoding=\"async\" src=\"http:\/\/instytuturodymissja.pl\/wp-content\/uploads\/2026\/03\/LogoMissja.png\" alt=\"Instytut Urody Missja\">\r\n        <\/div>\r\n\r\n        <h1>Twoje pi\u0119kno, nasza misja<\/h1>\r\n        \r\n        <div class=\"contact-info-mini\">\r\n            <span>\ud83d\udccd ul. Batuty 1A<\/span> | <span>\ud83d\udcde +48 696 017 304<\/span>\r\n        <\/div>\r\n\r\n        <a href=\"tel:+48882655887\" class=\"btn\">STRONA W PRZEBUDOWIE!!!<br> ZAPRASZAMY WKR\u00d3TCE\ud83d\ude00\ud83e\udd70\ud83d\ude0d<\/a>\r\n    <\/section>\r\n\r\n    \r\n\r\n    <footer>\r\n        <p><strong>Instytut Urody Missja<\/strong><\/p>\r\n        <p>ul. Batuty 1A, 02-743 Warszawa<\/p>\r\n        <p>Tel: +48 696 017 304<\/p>\r\n        <p>Email: malgorzata.wiszowaty@onet.eu<\/p>\r\n        <p style=\"margin-top: 30px; font-size: 0.8rem; opacity: 0.6;\">&copy; 2024 Instytut Urody Missja. Wszelkie prawa zastrze\u017cone.<\/p>\r\n    <\/footer>\r\n\r\n<\/body>\r\n<\/html>\t\t\t\t<\/div>\n\t\t\t\t\t<\/div>\n\t\t\t\t<\/div>\n\t\t\t\t<\/div>\n\t\t","protected":false},"excerpt":{"rendered":"<p>Instytut Urody Missja Twoje pi\u0119kno, nasza misja \ud83d\udccd ul. Batuty 1A | \ud83d\udcde +48 696 017 304 STRONA W PRZEBUDOWIE!!! ZAPRASZAMY WKR\u00d3TCE\ud83d\ude00\ud83e\udd70\ud83d\ude0d Instytut Urody Missja ul. Batuty 1A, 02-743 Warszawa Tel: +48 696 017 304 Email: malgorzata.wiszowaty@onet.eu &copy; 2024 Instytut Urody Missja. Wszelkie prawa zastrze\u017cone.<\/p>\n","protected":false},"author":1,"featured_media":0,"parent":0,"menu_order":0,"comment_status":"closed","ping_status":"closed","template":"elementor_canvas","meta":{"footnotes":""},"class_list":["post-20","page","type-page","status-publish","hentry"],"yoast_head":"<!-- This site is optimized with the Yoast SEO plugin v27.2 - https:\/\/yoast.com\/product\/yoast-seo-wordpress\/ -->\n<title>Strona w przebudowie - Instytut urody Missja<\/title>\n<meta name=\"robots\" content=\"index, follow, max-snippet:-1, max-image-preview:large, max-video-preview:-1\" \/>\n<link rel=\"canonical\" href=\"http:\/\/instytuturodymissja.pl\/\" \/>\n<meta property=\"og:locale\" content=\"pl_PL\" \/>\n<meta property=\"og:type\" content=\"article\" \/>\n<meta property=\"og:title\" content=\"Strona w przebudowie - Instytut urody Missja\" \/>\n<meta property=\"og:description\" content=\"Instytut Urody Missja Twoje pi\u0119kno, nasza misja \ud83d\udccd ul. Batuty 1A | \ud83d\udcde +48 696 017 304 STRONA W PRZEBUDOWIE!!! ZAPRASZAMY WKR\u00d3TCE\ud83d\ude00\ud83e\udd70\ud83d\ude0d Instytut Urody Missja ul. Batuty 1A, 02-743 Warszawa Tel: +48 696 017 304 Email: malgorzata.wiszowaty@onet.eu &copy; 2024 Instytut Urody Missja. Wszelkie prawa zastrze\u017cone.\" \/>\n<meta property=\"og:url\" content=\"http:\/\/instytuturodymissja.pl\/\" \/>\n<meta property=\"og:site_name\" content=\"Instytut urody Missja\" \/>\n<meta property=\"article:modified_time\" content=\"2026-03-23T16:36:57+00:00\" \/>\n<meta property=\"og:image\" content=\"http:\/\/instytuturodymissja.pl\/wp-content\/uploads\/2026\/03\/LogoMissja.png\" \/>\n<meta name=\"twitter:card\" content=\"summary_large_image\" \/>\n<meta name=\"twitter:label1\" content=\"Szacowany czas czytania\" \/>\n\t<meta name=\"twitter:data1\" content=\"4 minuty\" \/>\n<script type=\"application\/ld+json\" class=\"yoast-schema-graph\">{\"@context\":\"https:\/\/schema.org\",\"@graph\":[{\"@type\":\"WebPage\",\"@id\":\"http:\/\/instytuturodymissja.pl\/\",\"url\":\"http:\/\/instytuturodymissja.pl\/\",\"name\":\"Strona w przebudowie - Instytut urody Missja\",\"isPartOf\":{\"@id\":\"http:\/\/instytuturodymissja.pl\/#website\"},\"primaryImageOfPage\":{\"@id\":\"http:\/\/instytuturodymissja.pl\/#primaryimage\"},\"image\":{\"@id\":\"http:\/\/instytuturodymissja.pl\/#primaryimage\"},\"thumbnailUrl\":\"http:\/\/instytuturodymissja.pl\/wp-content\/uploads\/2026\/03\/LogoMissja.png\",\"datePublished\":\"2026-03-22T17:13:33+00:00\",\"dateModified\":\"2026-03-23T16:36:57+00:00\",\"breadcrumb\":{\"@id\":\"http:\/\/instytuturodymissja.pl\/#breadcrumb\"},\"inLanguage\":\"pl-PL\",\"potentialAction\":[{\"@type\":\"ReadAction\",\"target\":[\"http:\/\/instytuturodymissja.pl\/\"]}]},{\"@type\":\"ImageObject\",\"inLanguage\":\"pl-PL\",\"@id\":\"http:\/\/instytuturodymissja.pl\/#primaryimage\",\"url\":\"http:\/\/instytuturodymissja.pl\/wp-content\/uploads\/2026\/03\/LogoMissja.png\",\"contentUrl\":\"http:\/\/instytuturodymissja.pl\/wp-content\/uploads\/2026\/03\/LogoMissja.png\",\"width\":488,\"height\":201},{\"@type\":\"BreadcrumbList\",\"@id\":\"http:\/\/instytuturodymissja.pl\/#breadcrumb\",\"itemListElement\":[{\"@type\":\"ListItem\",\"position\":1,\"name\":\"Home\",\"item\":\"http:\/\/instytuturodymissja.pl\/\"},{\"@type\":\"ListItem\",\"position\":2,\"name\":\"Strona w przebudowie\"}]},{\"@type\":\"WebSite\",\"@id\":\"http:\/\/instytuturodymissja.pl\/#website\",\"url\":\"http:\/\/instytuturodymissja.pl\/\",\"name\":\"Instytut urody Missja\",\"description\":\"\",\"publisher\":{\"@id\":\"http:\/\/instytuturodymissja.pl\/#organization\"},\"potentialAction\":[{\"@type\":\"SearchAction\",\"target\":{\"@type\":\"EntryPoint\",\"urlTemplate\":\"http:\/\/instytuturodymissja.pl\/?s={search_term_string}\"},\"query-input\":{\"@type\":\"PropertyValueSpecification\",\"valueRequired\":true,\"valueName\":\"search_term_string\"}}],\"inLanguage\":\"pl-PL\"},{\"@type\":\"Organization\",\"@id\":\"http:\/\/instytuturodymissja.pl\/#organization\",\"name\":\"Instytut urody Missja\",\"url\":\"http:\/\/instytuturodymissja.pl\/\",\"logo\":{\"@type\":\"ImageObject\",\"inLanguage\":\"pl-PL\",\"@id\":\"http:\/\/instytuturodymissja.pl\/#\/schema\/logo\/image\/\",\"url\":\"http:\/\/instytuturodymissja.pl\/wp-content\/uploads\/2026\/03\/LogoMissja.png\",\"contentUrl\":\"http:\/\/instytuturodymissja.pl\/wp-content\/uploads\/2026\/03\/LogoMissja.png\",\"width\":488,\"height\":201,\"caption\":\"Instytut urody Missja\"},\"image\":{\"@id\":\"http:\/\/instytuturodymissja.pl\/#\/schema\/logo\/image\/\"}}]}<\/script>\n<!-- \/ Yoast SEO plugin. -->","yoast_head_json":{"title":"Strona w przebudowie - Instytut urody Missja","robots":{"index":"index","follow":"follow","max-snippet":"max-snippet:-1","max-image-preview":"max-image-preview:large","max-video-preview":"max-video-preview:-1"},"canonical":"http:\/\/instytuturodymissja.pl\/","og_locale":"pl_PL","og_type":"article","og_title":"Strona w przebudowie - Instytut urody Missja","og_description":"Instytut Urody Missja Twoje pi\u0119kno, nasza misja \ud83d\udccd ul. Batuty 1A | \ud83d\udcde +48 696 017 304 STRONA W PRZEBUDOWIE!!! ZAPRASZAMY WKR\u00d3TCE\ud83d\ude00\ud83e\udd70\ud83d\ude0d Instytut Urody Missja ul. Batuty 1A, 02-743 Warszawa Tel: +48 696 017 304 Email: malgorzata.wiszowaty@onet.eu &copy; 2024 Instytut Urody Missja. Wszelkie prawa zastrze\u017cone.","og_url":"http:\/\/instytuturodymissja.pl\/","og_site_name":"Instytut urody Missja","article_modified_time":"2026-03-23T16:36:57+00:00","og_image":[{"url":"http:\/\/instytuturodymissja.pl\/wp-content\/uploads\/2026\/03\/LogoMissja.png","type":"","width":"","height":""}],"twitter_card":"summary_large_image","twitter_misc":{"Szacowany czas czytania":"4 minuty"},"schema":{"@context":"https:\/\/schema.org","@graph":[{"@type":"WebPage","@id":"http:\/\/instytuturodymissja.pl\/","url":"http:\/\/instytuturodymissja.pl\/","name":"Strona w przebudowie - Instytut urody Missja","isPartOf":{"@id":"http:\/\/instytuturodymissja.pl\/#website"},"primaryImageOfPage":{"@id":"http:\/\/instytuturodymissja.pl\/#primaryimage"},"image":{"@id":"http:\/\/instytuturodymissja.pl\/#primaryimage"},"thumbnailUrl":"http:\/\/instytuturodymissja.pl\/wp-content\/uploads\/2026\/03\/LogoMissja.png","datePublished":"2026-03-22T17:13:33+00:00","dateModified":"2026-03-23T16:36:57+00:00","breadcrumb":{"@id":"http:\/\/instytuturodymissja.pl\/#breadcrumb"},"inLanguage":"pl-PL","potentialAction":[{"@type":"ReadAction","target":["http:\/\/instytuturodymissja.pl\/"]}]},{"@type":"ImageObject","inLanguage":"pl-PL","@id":"http:\/\/instytuturodymissja.pl\/#primaryimage","url":"http:\/\/instytuturodymissja.pl\/wp-content\/uploads\/2026\/03\/LogoMissja.png","contentUrl":"http:\/\/instytuturodymissja.pl\/wp-content\/uploads\/2026\/03\/LogoMissja.png","width":488,"height":201},{"@type":"BreadcrumbList","@id":"http:\/\/instytuturodymissja.pl\/#breadcrumb","itemListElement":[{"@type":"ListItem","position":1,"name":"Home","item":"http:\/\/instytuturodymissja.pl\/"},{"@type":"ListItem","position":2,"name":"Strona w przebudowie"}]},{"@type":"WebSite","@id":"http:\/\/instytuturodymissja.pl\/#website","url":"http:\/\/instytuturodymissja.pl\/","name":"Instytut urody Missja","description":"","publisher":{"@id":"http:\/\/instytuturodymissja.pl\/#organization"},"potentialAction":[{"@type":"SearchAction","target":{"@type":"EntryPoint","urlTemplate":"http:\/\/instytuturodymissja.pl\/?s={search_term_string}"},"query-input":{"@type":"PropertyValueSpecification","valueRequired":true,"valueName":"search_term_string"}}],"inLanguage":"pl-PL"},{"@type":"Organization","@id":"http:\/\/instytuturodymissja.pl\/#organization","name":"Instytut urody Missja","url":"http:\/\/instytuturodymissja.pl\/","logo":{"@type":"ImageObject","inLanguage":"pl-PL","@id":"http:\/\/instytuturodymissja.pl\/#\/schema\/logo\/image\/","url":"http:\/\/instytuturodymissja.pl\/wp-content\/uploads\/2026\/03\/LogoMissja.png","contentUrl":"http:\/\/instytuturodymissja.pl\/wp-content\/uploads\/2026\/03\/LogoMissja.png","width":488,"height":201,"caption":"Instytut urody Missja"},"image":{"@id":"http:\/\/instytuturodymissja.pl\/#\/schema\/logo\/image\/"}}]}},"_links":{"self":[{"href":"http:\/\/instytuturodymissja.pl\/index.php?rest_route=\/wp\/v2\/pages\/20","targetHints":{"allow":["GET"]}}],"collection":[{"href":"http:\/\/instytuturodymissja.pl\/index.php?rest_route=\/wp\/v2\/pages"}],"about":[{"href":"http:\/\/instytuturodymissja.pl\/index.php?rest_route=\/wp\/v2\/types\/page"}],"author":[{"embeddable":true,"href":"http:\/\/instytuturodymissja.pl\/index.php?rest_route=\/wp\/v2\/users\/1"}],"replies":[{"embeddable":true,"href":"http:\/\/instytuturodymissja.pl\/index.php?rest_route=%2Fwp%2Fv2%2Fcomments&post=20"}],"version-history":[{"count":10,"href":"http:\/\/instytuturodymissja.pl\/index.php?rest_route=\/wp\/v2\/pages\/20\/revisions"}],"predecessor-version":[{"id":80,"href":"http:\/\/instytuturodymissja.pl\/index.php?rest_route=\/wp\/v2\/pages\/20\/revisions\/80"}],"wp:attachment":[{"href":"http:\/\/instytuturodymissja.pl\/index.php?rest_route=%2Fwp%2Fv2%2Fmedia&parent=20"}],"curies":[{"name":"wp","href":"https:\/\/api.w.org\/{rel}","templated":true}]}}